{"id":823,"date":"2025-04-16T11:32:17","date_gmt":"2025-04-16T11:32:17","guid":{"rendered":"https:\/\/sweetmoonfotografia.com\/coneix-me\/"},"modified":"2025-04-27T13:59:29","modified_gmt":"2025-04-27T13:59:29","slug":"coneix-me","status":"publish","type":"page","link":"https:\/\/sweetmoonfotografia.com\/ca\/coneix-me\/","title":{"rendered":"Coneix-me"},"content":{"rendered":"<p><div class=\"fusion-fullwidth fullwidth-box fusion-builder-row-1 fusion-flex-container has-pattern-background has-mask-background hundred-percent-fullwidth non-hundred-percent-height-scrolling\" style=\"--awb-border-radius-top-left:0px;--awb-border-radius-top-right:0px;--awb-border-radius-bottom-right:0px;--awb-border-radius-bottom-left:0px;--awb-padding-top:3%;--awb-padding-bottom:3%;--awb-flex-wrap:wrap;\" ><div class=\"fusion-builder-row fusion-row fusion-flex-align-items-center fusion-flex-content-wrap\" style=\"width:104% !important;max-width:104% !important;margin-left: calc(-4% \/ 2 );margin-right: calc(-4% \/ 2 );\"><div class=\"fusion-layout-column fusion_builder_column fusion-builder-column-0 fusion_builder_column_1_2 1_2 fusion-flex-column\" style=\"--awb-bg-size:cover;--awb-width-large:50%;--awb-margin-top-large:0px;--awb-spacing-right-large:3.84%;--awb-margin-bottom-large:20px;--awb-spacing-left-large:3.84%;--awb-width-medium:50%;--awb-order-medium:0;--awb-spacing-right-medium:3.84%;--awb-spacing-left-medium:3.84%;--awb-width-small:100%;--awb-order-small:0;--awb-spacing-right-small:1.92%;--awb-spacing-left-small:1.92%;\"><div class=\"fusion-column-wrapper fusion-column-has-shadow fusion-flex-justify-content-flex-start fusion-content-layout-column\"><div class=\"fusion-title title fusion-title-1 fusion-sep-none fusion-title-text fusion-title-size-two\"><h2 class=\"fusion-title-heading title-heading-left\" style=\"margin:0;\">Hola! S\u00f3c la Susana i des de ben petita m&#8217;ha agradat la fotografia<\/h2><\/div><div class=\"fusion-text fusion-text-1\"><p>De fet, vaig demanar a la meva mare els \u00e0lbums de fotos per veure totes aquelles fotografies i veure tot all\u00f2 que ella i el meu pare havien viscut abans que jo arrib\u00e9s al m\u00f3n. M&#8217;agradava, i m&#8217;agrada, veure la meva mare de jove, m&#8217;encantava veure-la amb els talons i les vestimentes de l&#8217;\u00e8poca, que em resulten molt familiars a les d&#8217;avui dia, per cert. Em podia passar una hora sencera mirant \u00e0lbums.<\/p>\n<p>Quan anava a casa de la meva \u00e0via, passava el mateix, m&#8217;interessava molt per la seva hist\u00f2ria i la del meu avi, pels costums d&#8217;abans, fins i tot recordo una fotografia on apareixien tota la fam\u00edlia al camp de celebraci\u00f3.<\/p>\n<p>Dono gr\u00e0cies a la meva fam\u00edlia pel valor que li han sabut atorgar a aquestes fotografies que reflecteixen tota la nostra vida, molts moments inoblidables i sobretot per poder reviure&#8217;ls una vegada i una altra.<\/p>\n<p>I no nom\u00e9s jo n&#8217;he pogut gaudir, ara veig com els meus fills tamb\u00e9 gaudeixen analitzant-me quan era petita, i m&#8217;omple el cor poder mirar tots aquests records junts.<\/p>\n<p>A dia d&#8217;avui segueixo valorant molt\u00edssim mantenir tots els records vius i palpables, ja sigui en forma de fotografies, \u00e0lbums, quadres\u2026  <\/p>\n<\/div><\/div><\/div><div class=\"fusion-layout-column fusion_builder_column fusion-builder-column-1 fusion_builder_column_1_2 1_2 fusion-flex-column\" style=\"--awb-bg-size:cover;--awb-width-large:50%;--awb-margin-top-large:0px;--awb-spacing-right-large:3.84%;--awb-margin-bottom-large:20px;--awb-spacing-left-large:3.84%;--awb-width-medium:50%;--awb-order-medium:0;--awb-spacing-right-medium:3.84%;--awb-spacing-left-medium:3.84%;--awb-width-small:100%;--awb-order-small:0;--awb-spacing-right-small:1.92%;--awb-spacing-left-small:1.92%;\"><div class=\"fusion-column-wrapper fusion-column-has-shadow fusion-flex-justify-content-flex-start fusion-content-layout-column\"><div class=\"fusion-image-element \" style=\"text-align:center;--awb-max-width:80%;--awb-caption-title-font-family:var(--h2_typography-font-family);--awb-caption-title-font-weight:var(--h2_typography-font-weight);--awb-caption-title-font-style:var(--h2_typography-font-style);--awb-caption-title-size:var(--h2_typography-font-size);--awb-caption-title-transform:var(--h2_typography-text-transform);--awb-caption-title-line-height:var(--h2_typography-line-height);--awb-caption-title-letter-spacing:var(--h2_typography-letter-spacing);\"><span class=\" fusion-imageframe imageframe-none imageframe-1 hover-type-none\"><img decoding=\"async\" width=\"1418\" height=\"1454\" title=\"Group 1 (1)\" src=\"https:\/\/sweetmoonfotografia.com\/wp-content\/uploads\/2025\/04\/Group-1-1.png\" alt class=\"img-responsive wp-image-530\" srcset=\"https:\/\/sweetmoonfotografia.com\/wp-content\/uploads\/2025\/04\/Group-1-1-200x205.png 200w, https:\/\/sweetmoonfotografia.com\/wp-content\/uploads\/2025\/04\/Group-1-1-400x410.png 400w, https:\/\/sweetmoonfotografia.com\/wp-content\/uploads\/2025\/04\/Group-1-1-600x615.png 600w, https:\/\/sweetmoonfotografia.com\/wp-content\/uploads\/2025\/04\/Group-1-1-800x820.png 800w, https:\/\/sweetmoonfotografia.com\/wp-content\/uploads\/2025\/04\/Group-1-1-1200x1230.png 1200w, https:\/\/sweetmoonfotografia.com\/wp-content\/uploads\/2025\/04\/Group-1-1.png 1418w\" sizes=\"(max-width: 640px) 100vw, 600px\" \/><\/span><\/div><\/div><\/div><\/div><\/div><div class=\"fusion-fullwidth fullwidth-box fusion-builder-row-2 fusion-flex-container has-pattern-background has-mask-background hundred-percent-fullwidth non-hundred-percent-height-scrolling\" style=\"--awb-border-radius-top-left:0px;--awb-border-radius-top-right:0px;--awb-border-radius-bottom-right:0px;--awb-border-radius-bottom-left:0px;--awb-padding-top:3%;--awb-padding-bottom:3%;--awb-flex-wrap:wrap;\" ><div class=\"fusion-builder-row fusion-row fusion-flex-align-items-center fusion-flex-content-wrap\" style=\"width:104% !important;max-width:104% !important;margin-left: calc(-4% \/ 2 );margin-right: calc(-4% \/ 2 );\"><div class=\"fusion-layout-column fusion_builder_column fusion-builder-column-2 fusion_builder_column_1_2 1_2 fusion-flex-column\" style=\"--awb-bg-size:cover;--awb-width-large:50%;--awb-margin-top-large:0px;--awb-spacing-right-large:3.84%;--awb-margin-bottom-large:20px;--awb-spacing-left-large:3.84%;--awb-width-medium:50%;--awb-order-medium:0;--awb-spacing-right-medium:3.84%;--awb-spacing-left-medium:3.84%;--awb-width-small:100%;--awb-order-small:0;--awb-spacing-right-small:1.92%;--awb-spacing-left-small:1.92%;\"><div class=\"fusion-column-wrapper fusion-column-has-shadow fusion-flex-justify-content-flex-start fusion-content-layout-column\"><div class=\"fusion-image-element \" style=\"--awb-aspect-ratio:1 \/ 1;--awb-caption-title-font-family:var(--h2_typography-font-family);--awb-caption-title-font-weight:var(--h2_typography-font-weight);--awb-caption-title-font-style:var(--h2_typography-font-style);--awb-caption-title-size:var(--h2_typography-font-size);--awb-caption-title-transform:var(--h2_typography-text-transform);--awb-caption-title-line-height:var(--h2_typography-line-height);--awb-caption-title-letter-spacing:var(--h2_typography-letter-spacing);\"><span class=\" fusion-imageframe imageframe-none imageframe-2 hover-type-none has-aspect-ratio\"><img decoding=\"async\" width=\"1000\" height=\"1500\" title=\"sweetmoon-navidad-16\" src=\"https:\/\/sweetmoonfotografia.com\/wp-content\/uploads\/2025\/04\/sweetmoon-navidad-16.jpg\" class=\"img-responsive wp-image-803 img-with-aspect-ratio\" alt srcset=\"https:\/\/sweetmoonfotografia.com\/wp-content\/uploads\/2025\/04\/sweetmoon-navidad-16-200x300.jpg 200w, https:\/\/sweetmoonfotografia.com\/wp-content\/uploads\/2025\/04\/sweetmoon-navidad-16-400x600.jpg 400w, https:\/\/sweetmoonfotografia.com\/wp-content\/uploads\/2025\/04\/sweetmoon-navidad-16-600x900.jpg 600w, https:\/\/sweetmoonfotografia.com\/wp-content\/uploads\/2025\/04\/sweetmoon-navidad-16-800x1200.jpg 800w, https:\/\/sweetmoonfotografia.com\/wp-content\/uploads\/2025\/04\/sweetmoon-navidad-16.jpg 1000w\" sizes=\"(max-width: 640px) 100vw, 600px\" \/><\/span><\/div><\/div><\/div><div class=\"fusion-layout-column fusion_builder_column fusion-builder-column-3 fusion_builder_column_1_2 1_2 fusion-flex-column\" style=\"--awb-bg-size:cover;--awb-width-large:50%;--awb-margin-top-large:0px;--awb-spacing-right-large:3.84%;--awb-margin-bottom-large:20px;--awb-spacing-left-large:3.84%;--awb-width-medium:50%;--awb-order-medium:0;--awb-spacing-right-medium:3.84%;--awb-spacing-left-medium:3.84%;--awb-width-small:100%;--awb-order-small:0;--awb-spacing-right-small:1.92%;--awb-spacing-left-small:1.92%;\"><div class=\"fusion-column-wrapper fusion-column-has-shadow fusion-flex-justify-content-flex-start fusion-content-layout-column\"><div class=\"fusion-title title fusion-title-2 fusion-sep-none fusion-title-text fusion-title-size-two\"><h2 class=\"fusion-title-heading title-heading-left\" style=\"margin:0;\">&#8220;Vaig sentir que aquest m\u00f3n comen\u00e7ava a emocionar-me\u201d<\/h2><\/div><div class=\"fusion-text fusion-text-2\"><p>Per\u00f2 el meu cam\u00ed laboral no va comen\u00e7ar amb la fotografia, va comen\u00e7ar des d&#8217;una escola bressol quan tenia 18 anys. Em vaig formar per dedicar-me al que m&#8217;agrada m\u00e9s en aquest m\u00f3n: els nadons. Vaig estar 10 anys dedicada i lliurada a l&#8217;educaci\u00f3 infantil, i entre mitges seguia fotografiant tots els moments que viv\u00edem en fam\u00edlia, amb els amics i vaig comen\u00e7ar a interessar-me molt m\u00e9s per la fotografia.<\/p>\n<p>Vaig sentir que aquest m\u00f3n comen\u00e7ava a apassionar-me i vaig decidir estudiar i formar-me per dedicar-m&#8217;hi. Aix\u00ed que vaig agafar un canvi de rumb, un canvi radical de 180 \u00ba. Vaig passar de ser a les aules a estar coneixent fam\u00edlies boniques que volien guardar els seus records. Fins avui tinc el meu estudi fotogr\u00e0fic a Palau-Solit\u00e0 i Plegamans, a prop de Barcelona.  <\/p>\n<p>Ara ja tinc 37 anys i em dedico plenament, en cos i \u00e0nima a la fotografia d&#8217;embarassades, nadons, nadons i fam\u00edlies. Dono valor al que faig i dono valor a totes les persones que passeu per davant de la meva c\u00e0mera. Vull que aconseguim el resultat que desitges i per aix\u00f2 m&#8217;agrada transmetre un tracte agradable, sincer i proper. El meu objectiu \u00e9s que et deixis portar, no tenim pressa doncs cada moment que comparteixo amb vosaltres m&#8217;emociona i feu que em contagi\u00ef de les vostres emocions, al final es tracta d&#8217;aix\u00f2, d&#8217;emocions capturades darrere l&#8217;objectiu.<\/p>\n<\/div><\/div><\/div><\/div><\/div><\/p>\n","protected":false},"excerpt":{"rendered":"","protected":false},"author":1,"featured_media":0,"parent":0,"menu_order":0,"comment_status":"closed","ping_status":"closed","template":"100-width.php","meta":{"footnotes":""},"class_list":["post-823","page","type-page","status-publish","hentry"],"_links":{"self":[{"href":"https:\/\/sweetmoonfotografia.com\/ca\/wp-json\/wp\/v2\/pages\/823","targetHints":{"allow":["GET"]}}],"collection":[{"href":"https:\/\/sweetmoonfotografia.com\/ca\/wp-json\/wp\/v2\/pages"}],"about":[{"href":"https:\/\/sweetmoonfotografia.com\/ca\/wp-json\/wp\/v2\/types\/page"}],"author":[{"embeddable":true,"href":"https:\/\/sweetmoonfotografia.com\/ca\/wp-json\/wp\/v2\/users\/1"}],"replies":[{"embeddable":true,"href":"https:\/\/sweetmoonfotografia.com\/ca\/wp-json\/wp\/v2\/comments?post=823"}],"version-history":[{"count":2,"href":"https:\/\/sweetmoonfotografia.com\/ca\/wp-json\/wp\/v2\/pages\/823\/revisions"}],"predecessor-version":[{"id":826,"href":"https:\/\/sweetmoonfotografia.com\/ca\/wp-json\/wp\/v2\/pages\/823\/revisions\/826"}],"wp:attachment":[{"href":"https:\/\/sweetmoonfotografia.com\/ca\/wp-json\/wp\/v2\/media?parent=823"}],"curies":[{"name":"wp","href":"https:\/\/api.w.org\/{rel}","templated":true}]}}

<p><div class="fusion-fullwidth fullwidth-box fusion-builder-row-1 fusion-flex-container has-pattern-background has-mask-background hundred-percent-fullwidth non-hundred-percent-height-scrolling" style="--awb-border-radius-top-left:0px;--awb-border-radius-top-right:0px;--awb-border-radius-bottom-right:0px;--awb-border-radius-bottom-left:0px;--awb-padding-top:3%;--awb-padding-bottom:3%;--awb-flex-wrap:wrap;" ><div class="fusion-builder-row fusion-row fusion-flex-align-items-center fusion-flex-content-wrap" style="width:104% !important;max-width:104% !important;margin-left: calc(-4% / 2 );margin-right: calc(-4% / 2 );"><div class="fusion-layout-column fusion_builder_column fusion-builder-column-0 fusion_builder_column_1_2 1_2 fusion-flex-column" style="--awb-bg-size:cover;--awb-width-large:50%;--awb-margin-top-large:0px;--awb-spacing-right-large:3.84%;--awb-margin-bottom-large:20px;--awb-spacing-left-large:3.84%;--awb-width-medium:50%;--awb-order-medium:0;--awb-spacing-right-medium:3.84%;--awb-spacing-left-medium:3.84%;--awb-width-small:100%;--awb-order-small:0;--awb-spacing-right-small:1.92%;--awb-spacing-left-small:1.92%;"><div class="fusion-column-wrapper fusion-column-has-shadow fusion-flex-justify-content-flex-start fusion-content-layout-column"><div class="fusion-title title fusion-title-1 fusion-sep-none fusion-title-text fusion-title-size-two"><h2 class="fusion-title-heading title-heading-left" style="margin:0;">Hola! Sóc la Susana i des de ben petita m&#8217;ha agradat la fotografia</h2></div><div class="fusion-text fusion-text-1"><p>De fet, vaig demanar a la meva mare els àlbums de fotos per veure totes aquelles fotografies i veure tot allò que ella i el meu pare havien viscut abans que jo arribés al món. M&#8217;agradava, i m&#8217;agrada, veure la meva mare de jove, m&#8217;encantava veure-la amb els talons i les vestimentes de l&#8217;època, que em resulten molt familiars a les d&#8217;avui dia, per cert. Em podia passar una hora sencera mirant àlbums.</p>
<p>Quan anava a casa de la meva àvia, passava el mateix, m&#8217;interessava molt per la seva història i la del meu avi, pels costums d&#8217;abans, fins i tot recordo una fotografia on apareixien tota la família al camp de celebració.</p>
<p>Dono gràcies a la meva família pel valor que li han sabut atorgar a aquestes fotografies que reflecteixen tota la nostra vida, molts moments inoblidables i sobretot per poder reviure&#8217;ls una vegada i una altra.</p>
<p>I no només jo n&#8217;he pogut gaudir, ara veig com els meus fills també gaudeixen analitzant-me quan era petita, i m&#8217;omple el cor poder mirar tots aquests records junts.</p>
<p>A dia d&#8217;avui segueixo valorant moltíssim mantenir tots els records vius i palpables, ja sigui en forma de fotografies, àlbums, quadres…  </p>
</div></div></div><div class="fusion-layout-column fusion_builder_column fusion-builder-column-1 fusion_builder_column_1_2 1_2 fusion-flex-column" style="--awb-bg-size:cover;--awb-width-large:50%;--awb-margin-top-large:0px;--awb-spacing-right-large:3.84%;--awb-margin-bottom-large:20px;--awb-spacing-left-large:3.84%;--awb-width-medium:50%;--awb-order-medium:0;--awb-spacing-right-medium:3.84%;--awb-spacing-left-medium:3.84%;--awb-width-small:100%;--awb-order-small:0;--awb-spacing-right-small:1.92%;--awb-spacing-left-small:1.92%;"><div class="fusion-column-wrapper fusion-column-has-shadow fusion-flex-justify-content-flex-start fusion-content-layout-column"><div class="fusion-image-element " style="text-align:center;--awb-max-width:80%;--awb-caption-title-font-family:var(--h2_typography-font-family);--awb-caption-title-font-weight:var(--h2_typography-font-weight);--awb-caption-title-font-style:var(--h2_typography-font-style);--awb-caption-title-size:var(--h2_typography-font-size);--awb-caption-title-transform:var(--h2_typography-text-transform);--awb-caption-title-line-height:var(--h2_typography-line-height);--awb-caption-title-letter-spacing:var(--h2_typography-letter-spacing);"><span class=" fusion-imageframe imageframe-none imageframe-1 hover-type-none"><img decoding="async" width="1418" height="1454" title="Group 1 (1)" src="https://sweetmoonfotografia.com/wp-content/uploads/2025/04/Group-1-1.png" alt class="img-responsive wp-image-530" srcset="https://sweetmoonfotografia.com/wp-content/uploads/2025/04/Group-1-1-200x205.png 200w, https://sweetmoonfotografia.com/wp-content/uploads/2025/04/Group-1-1-400x410.png 400w, https://sweetmoonfotografia.com/wp-content/uploads/2025/04/Group-1-1-600x615.png 600w, https://sweetmoonfotografia.com/wp-content/uploads/2025/04/Group-1-1-800x820.png 800w, https://sweetmoonfotografia.com/wp-content/uploads/2025/04/Group-1-1-1200x1230.png 1200w, https://sweetmoonfotografia.com/wp-content/uploads/2025/04/Group-1-1.png 1418w" sizes="(max-width: 640px) 100vw, 600px" /></span></div></div></div></div></div><div class="fusion-fullwidth fullwidth-box fusion-builder-row-2 fusion-flex-container has-pattern-background has-mask-background hundred-percent-fullwidth non-hundred-percent-height-scrolling" style="--awb-border-radius-top-left:0px;--awb-border-radius-top-right:0px;--awb-border-radius-bottom-right:0px;--awb-border-radius-bottom-left:0px;--awb-padding-top:3%;--awb-padding-bottom:3%;--awb-flex-wrap:wrap;" ><div class="fusion-builder-row fusion-row fusion-flex-align-items-center fusion-flex-content-wrap" style="width:104% !important;max-width:104% !important;margin-left: calc(-4% / 2 );margin-right: calc(-4% / 2 );"><div class="fusion-layout-column fusion_builder_column fusion-builder-column-2 fusion_builder_column_1_2 1_2 fusion-flex-column" style="--awb-bg-size:cover;--awb-width-large:50%;--awb-margin-top-large:0px;--awb-spacing-right-large:3.84%;--awb-margin-bottom-large:20px;--awb-spacing-left-large:3.84%;--awb-width-medium:50%;--awb-order-medium:0;--awb-spacing-right-medium:3.84%;--awb-spacing-left-medium:3.84%;--awb-width-small:100%;--awb-order-small:0;--awb-spacing-right-small:1.92%;--awb-spacing-left-small:1.92%;"><div class="fusion-column-wrapper fusion-column-has-shadow fusion-flex-justify-content-flex-start fusion-content-layout-column"><div class="fusion-image-element " style="--awb-aspect-ratio:1 / 1;--awb-caption-title-font-family:var(--h2_typography-font-family);--awb-caption-title-font-weight:var(--h2_typography-font-weight);--awb-caption-title-font-style:var(--h2_typography-font-style);--awb-caption-title-size:var(--h2_typography-font-size);--awb-caption-title-transform:var(--h2_typography-text-transform);--awb-caption-title-line-height:var(--h2_typography-line-height);--awb-caption-title-letter-spacing:var(--h2_typography-letter-spacing);"><span class=" fusion-imageframe imageframe-none imageframe-2 hover-type-none has-aspect-ratio"><img decoding="async" width="1000" height="1500" title="sweetmoon-navidad-16" src="https://sweetmoonfotografia.com/wp-content/uploads/2025/04/sweetmoon-navidad-16.jpg" class="img-responsive wp-image-803 img-with-aspect-ratio" alt srcset="https://sweetmoonfotografia.com/wp-content/uploads/2025/04/sweetmoon-navidad-16-200x300.jpg 200w, https://sweetmoonfotografia.com/wp-content/uploads/2025/04/sweetmoon-navidad-16-400x600.jpg 400w, https://sweetmoonfotografia.com/wp-content/uploads/2025/04/sweetmoon-navidad-16-600x900.jpg 600w, https://sweetmoonfotografia.com/wp-content/uploads/2025/04/sweetmoon-navidad-16-800x1200.jpg 800w, https://sweetmoonfotografia.com/wp-content/uploads/2025/04/sweetmoon-navidad-16.jpg 1000w" sizes="(max-width: 640px) 100vw, 600px" /></span></div></div></div><div class="fusion-layout-column fusion_builder_column fusion-builder-column-3 fusion_builder_column_1_2 1_2 fusion-flex-column" style="--awb-bg-size:cover;--awb-width-large:50%;--awb-margin-top-large:0px;--awb-spacing-right-large:3.84%;--awb-margin-bottom-large:20px;--awb-spacing-left-large:3.84%;--awb-width-medium:50%;--awb-order-medium:0;--awb-spacing-right-medium:3.84%;--awb-spacing-left-medium:3.84%;--awb-width-small:100%;--awb-order-small:0;--awb-spacing-right-small:1.92%;--awb-spacing-left-small:1.92%;"><div class="fusion-column-wrapper fusion-column-has-shadow fusion-flex-justify-content-flex-start fusion-content-layout-column"><div class="fusion-title title fusion-title-2 fusion-sep-none fusion-title-text fusion-title-size-two"><h2 class="fusion-title-heading title-heading-left" style="margin:0;">&#8220;Vaig sentir que aquest món començava a emocionar-me”</h2></div><div class="fusion-text fusion-text-2"><p>Però el meu camí laboral no va començar amb la fotografia, va començar des d&#8217;una escola bressol quan tenia 18 anys. Em vaig formar per dedicar-me al que m&#8217;agrada més en aquest món: els nadons. Vaig estar 10 anys dedicada i lliurada a l&#8217;educació infantil, i entre mitges seguia fotografiant tots els moments que vivíem en família, amb els amics i vaig començar a interessar-me molt més per la fotografia.</p>
<p>Vaig sentir que aquest món començava a apassionar-me i vaig decidir estudiar i formar-me per dedicar-m&#8217;hi. Així que vaig agafar un canvi de rumb, un canvi radical de 180 º. Vaig passar de ser a les aules a estar coneixent famílies boniques que volien guardar els seus records. Fins avui tinc el meu estudi fotogràfic a Palau-Solità i Plegamans, a prop de Barcelona.  </p>
<p>Ara ja tinc 37 anys i em dedico plenament, en cos i ànima a la fotografia d&#8217;embarassades, nadons, nadons i famílies. Dono valor al que faig i dono valor a totes les persones que passeu per davant de la meva càmera. Vull que aconseguim el resultat que desitges i per això m&#8217;agrada transmetre un tracte agradable, sincer i proper. El meu objectiu és que et deixis portar, no tenim pressa doncs cada moment que comparteixo amb vosaltres m&#8217;emociona i feu que em contagiï de les vostres emocions, al final es tracta d&#8217;això, d&#8217;emocions capturades darrere l&#8217;objectiu.</p>
</div></div></div></div></div></p>
